{"id":40387,"date":"2021-02-01T11:41:39","date_gmt":"2021-02-01T10:41:39","guid":{"rendered":"https:\/\/montesanco.com\/producto\/mon-cava\/"},"modified":"2026-02-16T09:03:49","modified_gmt":"2026-02-16T08:03:49","slug":"mon-cava","status":"publish","type":"product","link":"https:\/\/montesanco.com\/en\/producto\/mon-cava\/","title":{"rendered":"M\u00d3N Cava"},"content":{"rendered":"<p><span style=\"color: #c99e67;\"><strong>REGI\u00d3N:\u00a0<\/strong><\/span><br \/>\nD.O.P. Cava (Requena, Valencia, Spain)<\/p>\n<p><span style=\"color: #c99e67;\"><strong>VI\u00d1EDOS PROPIOS ECOL\u00d3GICOS<\/strong><\/span><br \/>\n100% Macabeo en espaldera en secano de m\u00e1s de 50 a\u00f1os de nuestra Finca Casa de la Vi\u00f1a (municipio Requena) .<br \/>\nAltitud 731 metros. Suelo mixto calc\u00e1reo-arcilloso.<br \/>\nRendimiento : 2, 5 Kg \/ vi\u00f1a.<br \/>\nLas uvas se vendimiaron a mano el 7 septiembre de 2019. 10 d\u00edas antes, las vi\u00f1as se deshojaron parcialmente con el fin de incrementar la concentraci\u00f3n de az\u00facares.<\/p>\n<p><span style=\"color: #c99e67;\"><strong>VINIFICACI\u00d3N<\/strong><\/span><br \/>\nSe realiza una segunda selecci\u00f3n de las uvas con mesa de selecci\u00f3n y se procede al despalillado y maceraci\u00f3n pelicular a 8 \u00ba C durante 36 horas.<br \/>\nPosteriormente se prensa a 0,5 bares . El mosto extra\u00eddo se decanta est\u00e1ticamente durante 24 horas y el mosto flor fermenta en barricas nuevas de roble americano de 400 litros a 16 \u00ba C. Una vez la\u00a0 fermentaci\u00f3n realizada,\u00a0 el vino se mantiene en contacto con sus l\u00edas hasta trasiego y filtraci\u00f3n.<\/p>\n<p><span style=\"color: #c99e67;\"><strong>VINIFICACI\u00d3N (2)<\/strong><\/span><br \/>\nLa segunda fermentaci\u00f3n tiene lugar en las botellas a temperatura constante de 16 \u00ba con el fin de realizar una fermentaci\u00f3n lenta para una perfecta integraci\u00f3n del di\u00f3xido de carb\u00f3n natural, reflej\u00e1ndose en finas burbujas en la copa. La crianza se ha realizado en contacto con sus finas l\u00edas durante 24 meses con un deg\u00fcelle manual.<\/p>\n<p><span style=\"color: #c99e67;\"><strong>NOTAS DE CATA:<\/strong><\/span><br \/>\n\u2022 Color: Dorado amarillo intenso<br \/>\n\u2022 Nariz: Intensa, muy expresiva, aromas florales, de fruta blanca ( pera) confitada, de nueces, especies,&#8230;<br \/>\n\u2022 Boca: Muy cremoso ,con un paso sutil y elegante, acidez balanceada y un post gusto muy largo, confirmando aromas.<\/p>\n","protected":false},"excerpt":{"rendered":"<div class=\"brxe-safwnq brxe-text\">\n<p>First Cava from our Montesanco winery, made from a small plot of Macabeo over 50 years old. Aged for <span class=\"S1PPyQ\">36 months.<\/span> <\/p>\n<p><strong>D.O Cava<\/strong><\/p>\n<\/div>\n<h5 class=\"brxe-fsugji brxe-heading bricks-type-lead\">TASTING NOTES<\/h5>\n<div class=\"brxe-uvzxrd brxe-text\">\n<ul>\n<li><strong><span class=\"S1PPyQ\">Color: <\/span><\/strong><span class=\"S1PPyQ\">intense yellow gold.<\/span><\/li>\n<li><span class=\"S1PPyQ\"><strong>Nose:<\/strong> <\/span><span class=\"S1PPyQ\">Intense, very expressive with floral aromas of white fruit, candied pear, nuts, spices&#8230;<\/span><\/li>\n<li><strong><span class=\"S1PPyQ\">Mouth:  <\/span><\/strong><span class=\"S1PPyQ\">Very creamy, with a subtle, fresh and elegant passage, balanced acidity and a very long aftertaste, confirming aromas. Expressive, with great power and bakery notes from its aging on lees.<\/span><\/li>\n<\/ul>\n<\/div>\n","protected":false},"featured_media":31111,"comment_status":"open","ping_status":"closed","template":"","meta":{"_joinchat":[]},"product_brand":[],"product_cat":[62],"product_tag":[64,201,82],"region":[187,188],"anada":[],"class_list":{"0":"post-40387","1":"product","2":"type-product","3":"status-publish","4":"has-post-thumbnail","6":"product_cat-montesanco-en","7":"product_tag-montesanco-en","8":"product_tag-brut-nature-en","9":"product_tag-cava-en","10":"product_shipping_class-agencia-de-transporte-en","11":"region-d-o-p-cava-requena-en","12":"region-valencia-en","14":"first","15":"outofstock","16":"shipping-taxable","17":"purchasable","18":"product-type-simple"},"_links":{"self":[{"href":"https:\/\/montesanco.com\/en\/wp-json\/wp\/v2\/product\/40387","targetHints":{"allow":["GET"]}}],"collection":[{"href":"https:\/\/montesanco.com\/en\/wp-json\/wp\/v2\/product"}],"about":[{"href":"https:\/\/montesanco.com\/en\/wp-json\/wp\/v2\/types\/product"}],"replies":[{"embeddable":true,"href":"https:\/\/montesanco.com\/en\/wp-json\/wp\/v2\/comments?post=40387"}],"wp:featuredmedia":[{"embeddable":true,"href":"https:\/\/montesanco.com\/en\/wp-json\/wp\/v2\/media\/31111"}],"wp:attachment":[{"href":"https:\/\/montesanco.com\/en\/wp-json\/wp\/v2\/media?parent=40387"}],"wp:term":[{"taxonomy":"product_brand","embeddable":true,"href":"https:\/\/montesanco.com\/en\/wp-json\/wp\/v2\/product_brand?post=40387"},{"taxonomy":"product_cat","embeddable":true,"href":"https:\/\/montesanco.com\/en\/wp-json\/wp\/v2\/product_cat?post=40387"},{"taxonomy":"product_tag","embeddable":true,"href":"https:\/\/montesanco.com\/en\/wp-json\/wp\/v2\/product_tag?post=40387"},{"taxonomy":"region","embeddable":true,"href":"https:\/\/montesanco.com\/en\/wp-json\/wp\/v2\/region?post=40387"},{"taxonomy":"anada","embeddable":true,"href":"https:\/\/montesanco.com\/en\/wp-json\/wp\/v2\/anada?post=40387"}],"curies":[{"name":"wp","href":"https:\/\/api.w.org\/{rel}","templated":true}]}}

MÓN Cava

<p><span style="color: #c99e67;"><strong>REGIÓN: </strong></span><br />
D.O.P. Cava (Requena, Valencia, Spain)</p>
<p><span style="color: #c99e67;"><strong>VIÑEDOS PROPIOS ECOLÓGICOS</strong></span><br />
100% Macabeo en espaldera en secano de más de 50 años de nuestra Finca Casa de la Viña (municipio Requena) .<br />
Altitud 731 metros. Suelo mixto calcáreo-arcilloso.<br />
Rendimiento : 2, 5 Kg / viña.<br />
Las uvas se vendimiaron a mano el 7 septiembre de 2019. 10 días antes, las viñas se deshojaron parcialmente con el fin de incrementar la concentración de azúcares.</p>
<p><span style="color: #c99e67;"><strong>VINIFICACIÓN</strong></span><br />
Se realiza una segunda selección de las uvas con mesa de selección y se procede al despalillado y maceración pelicular a 8 º C durante 36 horas.<br />
Posteriormente se prensa a 0,5 bares . El mosto extraído se decanta estáticamente durante 24 horas y el mosto flor fermenta en barricas nuevas de roble americano de 400 litros a 16 º C. Una vez la  fermentación realizada,  el vino se mantiene en contacto con sus lías hasta trasiego y filtración.</p>
<p><span style="color: #c99e67;"><strong>VINIFICACIÓN (2)</strong></span><br />
La segunda fermentación tiene lugar en las botellas a temperatura constante de 16 º con el fin de realizar una fermentación lenta para una perfecta integración del dióxido de carbón natural, reflejándose en finas burbujas en la copa. La crianza se ha realizado en contacto con sus finas lías durante 24 meses con un degüelle manual.</p>
<p><span style="color: #c99e67;"><strong>NOTAS DE CATA:</strong></span><br />
• Color: Dorado amarillo intenso<br />
• Nariz: Intensa, muy expresiva, aromas florales, de fruta blanca ( pera) confitada, de nueces, especies,&#8230;<br />
• Boca: Muy cremoso ,con un paso sutil y elegante, acidez balanceada y un post gusto muy largo, confirmando aromas.</p>
